-3*k = x*g - g - 36. What are the prime factors of k?
2
Suppose -3*i - 17 = 1. Let f(s) = 8*s**2 + 3*s + 14. Let m be f(i). Suppose -j = -2*u - 59, 5*j + u + 22 = m. List the prime factors of j.
53
Let o(v) = v**3 - 35*v**2 - 32*v - 148. What are the prime factors of o(39)?
2, 293
Let h(l) = l + 4. Let b be h(7). Let u = -7 + b. What are the prime factors of -3 - (u - (13 - 1))?
5
Let d(g) = -5*g**2 - 4*g - 3. Let s be d(-2). Let a(n) = -n**2 + 6*n - 2. Let w be a(15). What are the prime factors of w/(-4) - s/(-60)?
2, 17
Let m(d) = 2*d**2 - 6*d. Let y be m(4). Suppose 3*h - y = -h. Suppose 4*c + h*p - 27 = 1, 0 = -2*c + p + 14. What are the prime factors of c?
7
Suppose 5*w - 2*y = 3290, w + 4*y = 5*w - 2620. What are the prime factors of w?
2, 3, 5, 11
Let y be 3406/(-14) - (-32)/112. Let k = 162 + y. Let a = -9 - k. What are the prime factors of a?
2, 3
Let y(o) = o**3 + 8*o**2 + 4*o - 10. What are the prime factors of y(-6)?
2, 19
Let s(h) = 4*h**3 - 2*h**2 + h + 19. List the prime factors of s(8).
3, 11, 59
Let h(c) = c**3 + c**2 + 5*c + 13. List the prime factors of h(6).
5, 59
What are the prime factors of 221 - (2 - (-3 + 0))?
2, 3
Let t(r) = 159*r + 19. List the prime factors of t(3).
2, 31
Let s = 1364 + -965. List the prime factors of s.
3, 7, 19
What are the prime factors of (-2)/6 - 15064/(-21)?
3, 239
What are the prime factors of ((-24)/10)/(18/(-3840))?
2
Let y = 8 - -2. Let b(a) be the first derivative of a**4/4 - 10*a**3/3 + a**2 - 14*a + 13. List the prime factors of b(y).
2, 3
Suppose -46*k + 3103 + 1865 = 0. What are the prime factors of k?
2, 3
Let y(t) = 11*t + 42. Let s(z) = -10*z - 41. Let u(d) = -5*s(d) - 4*y(d). List the prime factors of u(17).
139
Suppose 3*y - 16 = 17. Let z be (-1)/3*(2 - y). Suppose z*m - 29 = -h + 3, -5*h - 2*m + 147 = 0. What are the prime factors of h?
29
Let l be ((-746)/(-30))/1 - (-10)/75. Let v be 2 + 8/(0 - -2). What are the prime factors of ((-90)/l)/(v/(-20))?
2, 3
Suppose -25 = -5*n, 5*h - 9*n + 8*n = 27745. What are the prime factors of h?
2, 3, 5, 37
Let d = 447 + 775. Suppose 13*w = -0*w + d. What are the prime factors of w?
2, 47
Let w(s) = 3*s + 4. Let t be w(-3). Let y(u) = 8*u**2 + 7*u + 2. Let g be y(t). Suppose 5*q - g + 27 = -5*i, 0 = -q + 4*i + 8. What are the prime factors of q?
2, 3
Let p(c) = 2*c**2 - 3*c - 10. Let f be p(5). Suppose 11 = 6*h - f. What are the prime factors of 7/((-1)/h*-1)?
2, 3, 7
Let f = 3 - 3. Suppose 5*q - q - 20 = f. Suppose 49 = q*o - 36. List the prime factors of o.
17
Suppose 5*f - l = -5*l + 464, 4*f = -4*l + 372. Suppose -32*z + 183 = -1449. Let m = f - z. What are the prime factors of m?
41
What are the prime factors of ((-2178)/15)/(-1) + (-14)/70?
5, 29
Suppose 0 = -5*k + 2*s + 14919, -41 = 3*s - 50. What are the prime factors of k?
3, 5, 199
Let f be 92/10 + (-2)/10. Let v = -8 + f. Let m(u) = 16*u**3 - u**2 + 1. What are the prime factors of m(v)?
2
Let m(p) = -5*p - 7. Let q be m(-9). Let y = 125 - q. List the prime factors of y.
3, 29
Let i(g) = -3*g**2 - 75*g + 11. List the prime factors of i(-21).
263
Let c = -148 - -155. Suppose 186 = s - 2*n, -c*s - 2*n = -2*s - 942. What are the prime factors of s?
2, 47
Let y be (0 - 2)*(1125/(-10))/(-3). Let q = y - -123. What are the prime factors of q?
2, 3
Let x(o) = -o**2 + 36*o - 3. Let g be x(17). Suppose 15*q = 20*q - g. List the prime factors of q.
2
Let b(n) = 6*n**2 + 44*n - 317. What are the prime factors of b(9)?
5, 113
Let d(i) = 8 + 10 + 7*i + 56*i**2 - 27. List the prime factors of d(2).
229
Let v(g) = 9*g**2 + 2*g. Let s be v(2). Suppose 0 = -p + s + 1. What are the prime factors of p?
41
Let v = 39 + -86. Let b = -7 - v. List the prime factors of b.
2, 5
Let z be -3 + (-6 - 0)*78/9. Let j = 152 - z. What are the prime factors of j?
3, 23
Let i(f) = -2*f**3 + 3*f**2 + 2*f + 1. Let m be i(3). Let p = m - -55. What are the prime factors of p?
5, 7
Let d = -83 - -163. Suppose m = -2*m + 3*p + 75, 0 = -3*m + 4*p + d. Let o = -14 + m. What are the prime factors of o?
2, 3
Let y = 46 - 27. List the prime factors of y.
19
Let i(x) = 2*x + 32. Suppose 3*l = 11 - 2. Suppose 0*p - 10 = -4*h + 2*p, -l*p - 15 = -2*h. What are the prime factors of i(h)?
2
Suppose -11*s + 16 = -19*s. List the prime factors of (2/8)/(4/(s - -1554)).
97
Let c(x) = -x**3 + 21*x**2 + 35*x - 69. Suppose -2*q - 4*q = -132. List the prime factors of c(q).
7, 31
Suppose -2*r = i - 8 - 2, 2*i = 4*r - 20. Suppose i = c - 8*c + 581. List the prime factors of c.
83
What are the prime factors of (453/(-2))/((-5)/10)?
3, 151
Suppose 4*s - 488 - 1432 = -4*q, 0 = 2*q. What are the prime factors of s?
2, 3, 5
Let s = 59 - 56. Suppose -5*m = -s*k + 7*k - 187, 4*k = 4*m - 164. What are the prime factors of m?
3, 13
Suppose 5*z + d - 3775 = 0, -4*z + 0*d = -4*d - 3020. List the prime factors of z.
5, 151
Let b = -4 + 1. Let m be 0*(2 + (b - 0)). Suppose m = x + x - 50. What are the prime factors of x?
5
Let s = 1120 - 792. Let d = s + -200. Suppose p - d = -3*p + 2*a, 0 = -5*p + 4*a + 160. List the prime factors of p.
2
Let o(p) = -494*p + 32 - 11*p**2 - 4*p**3 + 5*p**3 + 470*p. List the prime factors of o(14).
2, 71
Suppose -2*d = -4*c - 180, -4*c + 0*c - d = 192. Let q = c - -81. Let a = q + -6. What are the prime factors of a?
2, 7
List the prime factors of (-42 + 1903)/(1/1).
1861
Let i = -6 - -6. Let b be 0/(i + (-1 - -2)). Suppose f - 24 = -2*n, 36 = 3*f - b*f - 3*n. What are the prime factors of f?
2
Let i(u) = 43*u**2 - 14*u - 58. What are the prime factors of i(-5)?
1087
Suppose -3*i + 5*f + 31 = 0, 0 = 5*i + 5*f + 4 + 11. Suppose 0 = 5*r + i*z + 8, 4*z - z = -r - 12. Suppose r*q = -q + 5. List the prime factors of q.
5
Let r(w) = w**2 + 6*w + 17. Suppose -4*b - 4*c - 16 = 56, -3*b + 4*c - 19 = 0. List the prime factors of r(b).
2, 3
Let x be ((-5)/(-4))/(7/(-28)). Let w be (15/(-25))/(1/x). Suppose w*g = 40 + 26. What are the prime factors of g?
2, 11
Let m(t) = -5*t - 6. Let w be m(-7). Let r be ((-8)/(-4) + -3)*w. Let n = -18 - r. List the prime factors of n.
11
Let g(i) = 2*i**2 - 6*i + 3. Let v be g(4). Suppose 2*l + 3 = v. List the prime factors of l/8*40/2.
2, 5
Suppose -h + 5*d = -418, -4*d - 323 = -3*h + 909. List the prime factors of h.
2, 3, 17
Suppose 2 = 5*x + 47. Let t(f) = -7*f + 9. Let z be t(x). Suppose z = 4*h - 2*h. What are the prime factors of h?
2, 3
Suppose -z + 4*y = -822, -5*z - 1659 = -7*z + 3*y. What are the prime factors of z?
2, 3, 139
Let b = -823 + 3190. List the prime factors of b.
3, 263
Let z(w) = -199*w - 185. List the prime factors of z(-1).
2, 7
Let s(y) = -2*y - 9. Let m be s(-9). Suppose -m*t = -11*t + 348. List the prime factors of t.
2, 3, 29
Let w = 1639 + 1986. List the prime factors of w.
5, 29
What are the prime factors of (-24)/66 - (-93428)/44?
11, 193
Let x(u) = u**2 - 9*u - 1. Let q be x(9). Let o be q*(-24 + 3 + 0). List the prime factors of (o/35)/((-1)/(-55)).
3, 11
Let s be (3 - (-2 - -3)) + 5. Let h be (39/9 + 3)*3. Let b = h - s. List the prime factors of b.
3, 5
Let z(h) be the third derivative of h**4/24 + 31*h**3/6 + 6*h**2. Let y be z(0). Suppose 3*i - y = -13. What are the prime factors of i?
2, 3
Suppose 1442 + 223 = 5*x. List the prime factors of x.
3, 37
List the prime factors of (-10 + 516/48)/(6/8824).
1103
Suppose 5*f + 4240 = 5*c, 4*c + 5*f - 3395 = 8*f. List the prime factors of c.
23, 37
Let b be (8*(-1)/(-3))/(42/63). Suppose -7*r + b*r = -3*d - 84, 0 = 4*r + 3*d - 77. What are the prime factors of r?
23
Suppose -19555 = -5*i + 3*o, 0 = 3*i + 22*o - 18*o - 11762. List the prime factors of i.
2, 19, 103
Let w(k) be the first derivative of 1/2*k**2 + 1 + 1/3*k**3 - 10*k. What are the prime factors of w(-6)?
2, 5
Suppose -9 = 5*o + 6. Let z(d) = -3*d**3 - 5*d**2 - 3*d - 1. Let u be z(o). What are the prime factors of u/1 + 6 + -4?
2, 23
Suppose -x - m = 3*x - 2790, 3*m - 2794 = -4*x. List the prime factors of x.
17, 41
Let p(f) = -6*f + 2. Let r(y) = -5*y + 3. Let g(n) = -3*p(n) + 2*r(n). Let l = -4 - -6. List the prime factors of g(l).
2
Let j(d) = d**3 + 16*d**2 - d - 13. Let w be j(-16). Suppose 3*c + w*k - 23 = 2*k, 5*k = 10. List the prime factors of (10 + 1)*(-2 + c).
5, 11
Suppose 4*b - 2304 = -5*g, -5*g - 576 = -b - 6*g. What are the prime fact